96.
2, 88681
What are the prime factors of 18856938?
2, 3, 641, 4903
List the prime factors of 177601.
177601
List the prime factors of 3209341.
3209341
What are the prime factors of 18763019?
11, 17, 269, 373
List the prime factors of 11960737.
571, 20947
What are the prime factors of 1063950?
2, 3, 5, 41, 173
List the prime factors of 25466401.
419, 60779
What are the prime factors of 246245?
5, 17, 2897
What are the prime factors of 4803941?
19, 23, 10993
What are the prime factors of 23726495?
5, 13, 29, 41, 307
What are the prime factors of 705331?
11, 37, 1733
List the prime factors of 212817.
3, 11, 6449
What are the prime factors of 8871510?
2, 3, 5, 109, 2713
List the prime factors of 441181.
13, 33937
What are the prime factors of 1748602?
2, 874301
What are the prime factors of 128608?
2, 4019
List the prime factors of 283017.
3, 7, 13477
List the prime factors of 244690.
2, 5, 24469
What are the prime factors of 2381807?
2381807
List the prime factors of 34217532.
2, 3, 17, 18637
List the prime factors of 1291593.
3, 263, 1637
List the prime factors of 758668.
2, 241, 787
What are the prime factors of 8397247?
173, 48539
List the prime factors of 109807.
109807
List the prime factors of 32795075.
5, 53, 467
What are the prime factors of 128886?
2, 3, 21481
What are the prime factors of 12792799?
29, 503, 877
List the prime factors of 4102041.
3, 53, 25799
What are the prime factors of 121676?
2, 19, 1601
List the prime factors of 6858105.
3, 5, 239, 1913
What are the prime factors of 1915300?
2, 5, 107, 179
What are the prime factors of 734658?
2, 3, 122443
What are the prime factors of 24393465?
3, 5, 547, 991
List the prime factors of 3747653.
7, 13, 41183
List the prime factors of 622735.
5, 269, 463
List the prime factors of 2776691.
193, 14387
List the prime factors of 565006.
2, 13, 31, 701
What are the prime factors of 306669?
3, 11, 9293
What are the prime factors of 113502?
2, 3, 18917
What are the prime factors of 60464?
2, 3779
What are the prime factors of 3097560?
2, 3, 5, 83, 311
List the prime factors of 55511.
55511
List the prime factors of 288367.
457, 631
List the prime factors of 2105954.
2, 31, 33967
List the prime factors of 1559329.
1559329
List the prime factors of 7721461.
11, 701951
What are the prime factors of 147935?
5, 29587
What are the prime factors of 26186261?
26186261
What are the prime factors of 2570789?
13, 197753
What are the prime factors of 7797615?
3, 5, 7, 103
What are the prime factors of 2390031?
3, 7, 59, 643
What are the prime factors of 685599?
3, 173, 1321
List the prime factors of 273934.
2, 29, 4723
List the prime factors of 1570478.
2, 7, 13, 8629
List the prime factors of 332735.
5, 13, 5119
What are the prime factors of 179166?
2, 3, 13, 2297
List the prime factors of 1196049.
3, 398683
List the prime factors of 3577563.
3, 11, 36137
What are the prime factors of 305962?
2, 152981
List the prime factors of 2489547.
3, 829849
List the prime factors of 1035984.
2, 3, 113, 191
What are the prime factors of 42783?
3, 13, 1097
List the prime factors of 468808.
2, 58601
List the prime factors of 2539109.
149, 17041
What are the prime factors of 210038?
2, 105019
What are the prime factors of 2410685?
5, 17, 79, 359
List the prime factors of 1501937.
1501937
What are the prime factors of 77359?
77359
What are the prime factors of 366594?
2, 3, 61099
List the prime factors of 811549.
31, 47, 557
List the prime factors of 3545718.
2, 3, 11, 31, 1733
What are the prime factors of 14937?
3, 13, 383
What are the prime factors of 3105031?
167, 18593
List the prime factors of 1097848.
2, 109, 1259
List the prime factors of 7954781.
7954781
What are the prime factors of 8056697?
11, 61, 12007
List the prime factors of 1161888.
2, 3, 7, 13, 19
What are the prime factors of 3219116?
2, 29, 27751
What are the prime factors of 7178946?
2, 3, 1196491
List the prime factors of 96084.
2, 3, 17, 157
What are the prime factors of 8814831?
3, 2938277
What are the prime factors of 1497516?
2, 3, 124793
What are the prime factors of 377684?
2, 94421
What are the prime factors of 253003?
253003
List the prime factors of 4918543.
7, 421, 1669
What are the prime factors of 48014?
2, 24007
What are the prime factors of 190225?
5, 7, 1087
List the prime factors of 846165.
3, 5, 19, 2969
List the prime factors of 346305.
3, 5, 23087
List the prime factors of 99086.
2, 13, 37, 103
List the prime factors of 4865563.
229, 21247
List the prime factors of 3228199.
13, 248323
List the prime factors of 10644635.
5, 17, 125231
List the prime factors of 2011518.
2, 3, 111751
What are the prime factors of 14002763?
293, 47791
List the prime factors of 2939145.
3, 5, 11, 47, 379
List the prime factors of 42099443.
42099443
What are the prime factors of 781456?
2, 13, 17
List the prime factors of 598350.
2, 3, 5, 3989
List the prime factors of 262732.
2, 19, 3457
What are the prime factors of 213452?
2, 17, 43, 73
List the prime factors of 328960.
2, 5, 257
What are the prime factors of 511618?
2, 29, 8821
List the prime factors of 11296861.
499, 22639
What are the prime factors of 1118768?
2, 7, 1427
What are the prime factors of 6215211?
3, 25577
List the prime factors of 261587.
261587
List the prime factors of 205757.
37, 67, 83
What are the prime factors of 1451472?
2, 3, 11, 2749
List the prime factors of 13388.
2, 3347
What are the prime factors of 2053453?
1427, 1439
List the prime factors of 164576.
2, 37, 139
List the prime factors of 1546234.
2, 773117
What are the prime factors of 8636327?
7, 1233761
What are the prime factors of 1226430?
2, 3, 5, 13627
What are the prime factors of 5938655?
5, 61, 19471
What are the prime factors of 743458?
2, 127, 2927
List the prime factors of 100156.
2, 7, 73
List the prime factors of 2654856.
2, 3, 17, 241
What are the prime factors of 362907?
3, 13441
What are the prime factors of 3208668?
2, 3, 267389
What are the prime factors of 972282?
2, 3, 131, 1237
What are the prime factors of 202174?
2, 7, 2063
List the prime factors of 643366.
2, 43, 7481
What are the prime factors of 4019408?
2, 229, 1097
What are the prime factors of 18012323?
7, 19, 135431
List the prime factors of 15374314.
2, 37, 373, 557
What are the prime factors of 157175?
5, 6287
What are the prime factors of 5180218?
2, 1297, 1997
List the prime factors of 20110164.
2, 3, 1675847
What are the prime factors of 11217981?
3, 1307, 2861
List the prime factors of 1126659.
3, 375553
What are the prime factors of 268465?
5, 53693
List the prime factors of 477674.
2, 238837
What are the prime factors of 21701252?
2, 127, 42719
List the prime factors of 516986.
2, 73, 3541
What are the prime factors of 33075229?
11, 273349
What are the prime factors of 4984567?
7, 337, 2113
What are the prime factors of 1390170?
2, 3, 5, 149, 311
List the prime factors of 390348.
2, 3, 7, 1549
List the prime factors of 68872.
2, 8609
List the prime factors of 10468205.
5, 11, 190331
What are the prime factors of 3918279?
3, 17, 76829
What are the prime factors of 965966?
2, 311, 1553
List the prime factors of 462134.
2, 231067
What are the prime factors of 141035?
5, 67, 421
List the prime factors of 4322334.
2, 3, 29, 24841
What are the prime factors of 4020749?
4020749
List the prime factors of 545.
5, 109
What are the prime factors of 4618906?
2, 23, 100411
List the prime factors of 416195.
5, 13, 19, 337
List the prime factors of 2228262.
2, 3, 101, 3677
What are the prime factors of 1650428?
2, 13, 17, 1867
List the prime factors of 7896303.
3, 877367
What are the prime factors of 278954?
2, 13, 10729
List the prime factors of 1106449.
1106449
What are the prime factors of 593210?
2, 5, 137, 433
What are the prime factors of 885133?
885133
What are the prime factors of 194839?
194839
List the prime factors of 12221800.
2, 5, 53, 1153
What are the prime factors of 2599820?
2, 5, 61, 2131
What are the prime factors of 19534464?
2, 3, 31, 547
What are the prime factors of 416496?
2, 3, 8677
What are the prime factors of 218762?
2, 89, 1229
List the prime factors of 2649533.
37, 101, 709
What are the prime factors of 492447?
3, 164149
What are the prime factors of 27750776?
2, 71, 48857
What are the prime factors of 54844